inder when 223697 is divided by 102.
11
What is the remainder when 172001 is divided by 84085?
3831
Calculate the remainder when 252328 is divided by 529.
524
What is the remainder when 4520936 is divided by 176?
24
What is the remainder when 3798557 is divided by 72?
53
What is the remainder when 2058713 is divided by 382?
115
What is the remainder when 538416 is divided by 856?
848
What is the remainder when 186674 is divided by 8107?
213
What is the remainder when 10787891 is divided by 674243?
3
What is the remainder when 10697112 is divided by 2145?
2142
What is the remainder when 17534 is divided by 5822?
68
What is the remainder when 6333236 is divided by 2372?
2368
What is the remainder when 936474 is divided by 45?
24
Calculate the remainder when 9866 is divided by 7.
3
What is the remainder when 165491 is divided by 918?
251
Calculate the remainder when 3151133 is divided by 6203.
9
Calculate the remainder when 18826237 is divided by 233.
70
Calculate the remainder when 26043603 is divided by 60992.
19
What is the remainder when 113527 is divided by 2504?
847
What is the remainder when 11915060 is divided by 99292?
20
What is the remainder when 14421221 is divided by 65?
61
What is the remainder when 123321 is divided by 40885?
666
What is the remainder when 2348936 is divided by 2348763?
173
Calculate the remainder when 26525994 is divided by 736833.
6
What is the remainder when 144603447 is divided by 30?
27
What is the remainder when 1551458 is divided by 775718?
22
What is the remainder when 2347096 is divided by 130394?
4
What is the remainder when 3095865 is divided by 469?
465
What is the remainder when 30403 is divided by 661?
658
What is the remainder when 42150052 is divided by 26?
22
What is the remainder when 30748065 is divided by 64?
33
Calculate the remainder when 28367419 is divided by 61.
40
What is the remainder when 1373561 is divided by 128?
121
Calculate the remainder when 113090758 is divided by 822.
820
Calculate the remainder when 257521828 is divided by 6386.
6378
What is the remainder when 48319 is divided by 3022?
2989
What is the remainder when 61826 is divided by 183?
155
Calculate the remainder when 315480 is divided by 62802.
1470
Calculate the remainder when 44763991 is divided by 28.
27
What is the remainder when 573696 is divided by 211?
198
What is the remainder when 678720 is divided by 131?
9
Calculate the remainder when 549509 is divided by 425.
409
Calculate the remainder when 3858180 is divided by 22.
18
Calculate the remainder when 405764 is divided by 131.
57
What is the remainder when 26563015 is divided by 39?
37
Calculate the remainder when 213341 is divided by 10905.
6146
Calculate the remainder when 81560924 is divided by 13.
3
What is the remainder when 1330046 is divided by 3958?
158
Calculate the remainder when 66387 is divided by 16571.
103
What is the remainder when 2383144 is divided by 38?
12
What is the remainder when 2266307 is divided by 624?
563
Calculate the remainder when 1407741 is divided by 213.
24
Calculate the remainder when 21537 is divided by 235.
152
What is the remainder when 93222 is divided by 5879?
5037
What is the remainder when 1488406198 is divided by 300?
298
What is the remainder when 8594424 is divided by 7539?
7503
Calculate the remainder when 14734569 is divided by 191358.
3
Calculate the remainder when 603551 is divided by 7.
4
Calculate the remainder when 12247500 is divided by 5393.
5390
Calculate the remainder when 86906 is divided by 23.
12
Calculate the remainder when 38156498 is divided by 4489.
4487
Calculate the remainder when 42985 is divided by 10414.
1329
What is the remainder when 111292 is divided by 12335?
277
Calculate the remainder when 4743072 is divided by 158102.
12
Calculate the remainder when 7249221 is divided by 12.
9
Calculate the remainder when 383918 is divided by 1846.
1796
What is the remainder when 29411527 is divided by 10?
7
Calculate the remainder when 1563908135 is divided by 28.
27
Calculate the remainder when 558858 is divided by 4859.
73
Calculate the remainder when 6660881 is divided by 3330399.
83
Calculate the remainder when 551093 is divided by 1375.
1093
What is the remainder when 1762747 is divided by 220340?
27
Calculate the remainder when 41233436 is divided by 20.
16
Calculate the remainder when 698228 is divided by 799.
701
What is the remainder when 135686816 is divided by 828?
800
Calculate the remainder when 7418104 is divided by 402.
400
Calculate the remainder when 688338 is divided by 1334.
1328
What is the remainder when 25854 is divided by 3632?
430
What is the remainder when 942880 is divided by 224?
64
Calculate the remainder when 1573050 is divided by 101.
76
What is the remainder when 288499664 is divided by 761?
759
Calculate the remainder when 12221 is divided by 102.
83
What is the remainder when 340807 is divided by 340782?
25
What is the remainder when 18446661 is divided by 10731?
72
Calculate the remainder when 123222 is divided by 465.
462
What is the remainder when 2641289 is divided by 5031?
14
Calculate the remainder when 364038 is divided by 243.
24
What is the remainder when 1752146 is divided by 612?
602
What is the remainder when 2221800 is divided by 583?
570
Calculate the remainder when 39459949 is divided by 116.
113
Calculate the remainder when 47847 is divided by 275.
272
What is the remainder when 1045276 is divided by 657?
646
Calculate the remainder when 35576 is divided by 3220.
156
Calculate the remainder when 29768 is divided by 166.
54
What is the remainder when 1108589 is divided by 5255?
5039
What is the remainder when 1064561 is divided by 12524?
21
Calculate the remainder when 48652 is divided by 2726.
2310
What is the remainder when 172589 is divided by 885?
14
What is the remainder when 251363924 is divided by 1642?
1638
Calculate the remainder when 749010 is divided by 67913.
1967
Calculate the remainder when 954339 is divided by 56135.
44
Calculate the remainder when 17135487 is divided by 64.
63
What is the remainder when 953570 is divided by 953515?
55
What is the remainder when 4052616 is divided by 231?
183
What is the remainder when 122550 is divided by 39885?
2895
What is the remainder when 825952580 is divided by 14244?
14240
Calculate the remainder when 1249548 is divided by 6791.
4
Calculate the remainder when 4814372 is divided by 5089.
178
What is the remainder when 16734 is divided by 293?
33
Calculate the remainder when 30669765 is divided by 8477.
8456
What is the remainder when 1601019 is divided by 47?
11
Calculate the remainder when 88128164 is divided by 1883.
1881
Calculate the remainder when 972143 is divided by 8758.
5
Calculate the remainder when 479708 is divided by 352.
284
Calculate the remainder when 10869594 is divided by 34.
32
What is the remainder when 2360775 is divided by 1989?
1821
Calculate the remainder when 1421228 is divided by 126.
74
What is the remainder when 43539 is divided by 6174?
321
What is the remainder when 2024778 is divided by 674660?
798
What is the remainder when 5788495 is divided by 180881?
303
Calculate the remainder when 8486348 is divided by 21.
17
What is the remainder when 9360230 is divided by 709?
12
Calculate the remainder when 10637164 is divided by 558.
10
What is the remainder when 1985420 is divided by 57?
53
What is the remainder when 22334 is divided by 21927?
407
What is the remainder when 12056386 is divided by 219?
217
What is the remainder when 1569332 is divided by 1569314?
18
What is the remainder when 222929 is divided by 50?
29
What is the remainder when 1388736 is divided by 27774?
36
What is the remainder when 776659 is divided by 5282?
205
What is the remainder when 1742725 is divided by 509?
418
What is the remainder when 36521635 is divided by 108?
31
Calculate the remainder when 366276 is divided by 8002.
6186
Calculate the remainder when 26236710 is divided by 9.
0
Calculate the remainder when 11063844 is divided by 410.
404
Calculate the remainder when 36133119 is divided by 757.
752
What is the remainder when 51305883 is divided by 20?
3
Calculate the remainder when 542512 is divided by 108464.
192
What is the remainder when 822266 is divided by 30452?
62
Calculate the remai